 5*l**3 + 0*l - 5*l + 1. Let o(a) = -10*a**3 - 18*a**2 - 15*a + 3. Let w(t) = -2*o(t) + 7*u(t). Calculate w(-5).
1
Let b(d) be the second derivative of d**3/6 + 5*d**2 - 4*d + 3. Calculate b(-12).
-2
Let x(a) = -3*a - 16. Let i be x(-4). Let p(d) = d**3 + 3*d**2 - 3*d + 2. Give p(i).
-2
Let w(p) = -5*p**2. Let n(b) = -7 + 0*b + 3*b - 4*b - b. Let g be n(-5). Let q be (3 - -1 - g)*-1. Give w(q).
-5
Let a(o) = o - 18. Suppose -83 = 42*q - 713. What is a(q)?
-3
Suppose -4*m = 2*z - 12, -2*z - 8 = -2*m + 4. Let j(r) = 3*r - 3 - 11*r + m*r. Let u(q) = -q**2 + 4*q + 3. Let c be u(5). Determine j(c).
5
Suppose 10 + 2 = 4*l. Suppose -5*p + 20 = l*x + 1, -6 = -3*p. Let g(d) = x*d - 1 + 2*d - d. Give g(1).
3
Let m = 148 + -146. Let p(c) = -c**3 + c**2 - 3*c + 2. Give p(m).
-8
Suppose 2*t - q = 5, -147*q = -t - 151*q - 29. Let k be (-1)/4 - (-13)/4. Let d(c) = -2 + k - 2 + c. Determine d(t).
-2
Suppose 2*j + 6 = -l, 2*j - 2*l + 16 = 4. Let r(g) = -g**3 - 5*g**2 - 3*g + 4. Give r(j).
0
Suppose -13*q - 1423 = -1280. Let i(g) = g + 9. Give i(q).
-2
Let x = -38 + 32. Let l = -1 - x. Let n(r) = r**2 - 5*r. What is n(l)?
0
Let t(k) be the second derivative of 7*k**4/12 - k**3/3 - k**2/2 - k + 11. Give t(-1).
8
Let s(v) = 6*v + 0 - 39*v**2 + 0 + 33*v**2 - v**3. Let x be s(-7). Let m = 5 - x. Let o(j) = -5*j - 1. Give o(m).
9
Let k(d) = d**2 - 1. Suppose u + 30 = -4*u. Let w = u + -1. Let b = -6 - w. Calculate k(b).
0
Let x(b) = -3*b**2 - 3*b + 1. Let m(n) = 7*n**2 + 5*n - 3. Let j(p) = p**2 - 4*p - 1. Let t be j(5). Let i(h) = t*m(h) + 9*x(h). Calculate i(6).
-9
Let y(u) be the third derivative of -u**8/20160 + u**7/1008 - u**6/720 + u**5/10 + 16*u**2. Let d(p) be the third derivative of y(p). What is d(6)?
-7
Let k(a) = -2*a**3 + 4*a**3 + 8 - 7 + 11*a**2 - 10*a**2. Give k(2).
21
Let i(q) = -q**3 + 4*q**2 - 3*q + 1. Let p = -49 + 49. Suppose 4*s - 13 = d + 3, -s + 3*d + 4 = p. Determine i(s).
-11
Let x(m) = 2*m + 2*m + 6*m - 2 + m**2 - 11*m. Let q be x(-2). Suppose 2*s - 2 = q. Let p(n) = -2*n - 1. Determine p(s).
-7
Suppose 21*s - 24*s - 6 = -2*f, -f = 0. Let t(z) = 2*z + 5. Determine t(s).
1
Let r(a) = -a + 2. Let k be 6/4*(-16 + 12) - -4. What is r(k)?
4
Let y = 26 - 21. Suppose 2*w = y*w + 18. Let l(k) = -k + 2*k + 2*k - 2*k + 2. What is l(w)?
-4
Let y(i) = 13*i**2 - i - 2. Suppose 0*x - 4*c - 2 = -2*x, -x = 2*c + 3. What is y(x)?
12
Let w(d) = -4236*d**3 + 0*d**2 + 5*d - 2*d**2 + 4*d**2 + 4235*d**3 + 2. What is w(4)?
-10
Let s(d) = d + 9. Let m = -229 + 225. What is s(m)?
5
Let d be (1 + 3)/(-8)*-8. Let m(x) = 40 + 66 - 111 - x**2 + 6*x. Give m(d).
3
Let p(y) = -y. Let f be p(4). Let s be (6 - 4) + f/(-2). Let v(c) be the first derivative of c**3/3 - 5*c + 7. Determine v(s).
11
Let r(w) = -w**3 + 9*w**2 - 16*w + 9. Let x = 44 + -37. Let s be r(x). Let f(y) = 2*y + 7. Give f(s).
-3
Suppose 3*w = -5*n + 2 + 12, 5*w + n = 38. Let f(b) = b**3 - 7*b**2 - 6*b - 8. What is f(w)?
8
Let d(u) = -11*u**3 + 6*u**2 - 6*u - 1. Suppose -6*b + 24 = -2*b. Let c(h) = -21*h**3 + 11*h**2 - 11*h - 2. Let z(p) = b*c(p) - 11*d(p). Calculate z(-1).
4
Let u(z) = -5 - 2 + 2*z + 1086*z**2 - 1085*z**2. Calculate u(-6).
17
Let r be 12/10*(-20)/(-6). Let k(n) be the first derivative of 5*n - 6 + 3/2*n**2. Give k(r).
17
Let v = -1 + 8. Let p(z) = 9*z**3 + 6*z**2 - 12*z - 5. Let x(y) = -5*y**3 - 3*y**2 + 6*y + 2. Let g(s) = v*x(s) + 4*p(s). Let d = -8 + 4. Give g(d).
2
Suppose 0 = -50*c + 48*c - 6. Let t(f) = -7*f. What is t(c)?
21
Let q(u) = u**2 - 2*u - 2. Let j(t) = t - 10. Let f be j(10). Suppose f = -n + 5*n + 12. Give q(n).
13
Let y = -32 - -37. Let i(q) = -19 + 4*q - q - q + 1. Let r(g) = 1. Let t(v) = i(v) + 12*r(v). Give t(y).
4
Let b(g) = -g**3 + 10*g**2 - 7*g - 20. Let y(u) = u**2 - u + 1. Let l(n) = -b(n) - 3*y(n). Give l(12).
-7
Let i(l) = -l**3 - 22*l**2 + 20*l - 69. Let h be i(-23). Let a(u) be the third derivative of 0 - 5*u**2 + 1/24*u**4 + 1/3*u**3 + h*u. Calculate a(-3).
-1
Let f(j) = 2*j**2 - 3*j - 3. Let c = 2155 - 2152. Determine f(c).
6
Let m(l) be the first derivative of 3*l**2/2 - 6*l - 44. Calculate m(-8).
-30
Let z(s) be the first derivative of -s**4/4 + 7*s**3/3 + 6*s**2 - 10*s + 322. Calculate z(8).
22
Let p(v) = v**2 + 8*v + 11. Let o = 12 + 78. Let d be (-6)/(-33) + o/(-11). Give p(d).
11
Let d = 109 - 201. Let w = d - -84. Let c(s) = s + 2. What is c(w)?
-6
Let t(i) = 4*i**2 + 29*i + 59. Let j(v) = -3*v**2 - 20*v - 39. Let n(h) = -7*j(h) - 5*t(h). Calculate n(7).
-8
Let u(a) = -a**3 + 13*a**2 + 51*a - 54. Let g be u(16). Let m(c) = -3*c**2 - 3*c**2 - 5 - c**3 - 7*c - c**2. Determine m(g).
1
Let r = -781 - -785. Let l(t) = 3*t**2 - 3*t - 3. Determine l(r).
33
Let s(z) = -6*z**3 - 2*z**2 + 1. Let v be (-1 - 1)*(-8)/(-16). What is s(v)?
5
Suppose -20*p = -0*p - 120. Let u(c) = c**3 - 5*c**2 - 7*c + 8. What is u(p)?
2
Suppose 0 = -5*g + a + 5, 3*a + 6 = -4*g + 29. Let o(j) = -4*j - 2 + g*j + 3*j + 2*j. What is o(-5)?
-17
Let y(q) be the third derivative of -q**4/12 + q**3/3 + 88*q**2. Give y(-7).
16
Let s(i) be the third derivative of -i**5/60 - 5*i**4/12 + 11*i**3/6 + i**2 + 108. Give s(-10).
11
Let o(s) = 97*s + 0 + s**2 + 7 - 99*s + 2. What is o(0)?
9
Let a(o) = -o**3 + o**2 - o - 2. Let d(s) = -6*s**3 + 6*s**2 - 4*s - 10. Let m(r) = 5*a(r) - d(r). Determine m(0).
0
Let u(v) be the first derivative of -v**4/4 - 5*v**3/3 + v**2/2 + 5*v + 1. Let q be 4 + -7 - -1*38. Let z = -40 + q. Determine u(z).
0
Suppose 0*y - 2*p = 2*y - 18, -4*y + 51 = -p. Let r(h) = h**2 - 11*h - 5. Let q be r(y). Let l(b) = -b**2 + 8*b + 1. Calculate l(q).
8
Let u(t) = -t**2 + 7*t - 5. Let y be u(5). Let p(s) be the third derivative of 0*s**4 + 1/120*s**6 + 0*s + 3*s**2 - 1/12*s**5 + 0 + 2/3*s**3. Give p(y).
4
Let q(z) = -6 + 12 - 11*z + 1. Let b(g) = -7*g + 5. Let i(y) = 8*b(y) - 5*q(y). Let d be (10/6)/((-3)/(-9)). What is i(d)?
0
Let g(o) be the second derivative of o**5/10 + 13*o**4/12 + 2*o**3/3 - 3*o**2 + 3*o + 8. What is g(-6)?
6
Let w(g) = g**2 - 25*g - 61. Let p be w(27). Let t(n) = n**2 + 5*n - 11. Determine t(p).
3
Let r(t) be the first derivative of -3*t**2 - t + 2. Suppose 14*g + 2 = 12*g - k, 0 = 5*k. Give r(g).
5
Let y(d) = -2*d + 59. Let z(h) = 4*h - 133. Let n(b) = 9*y(b) + 4*z(b). Suppose 2*o - 2 = 2. Suppose -o*v - 3*v - 15 = 0. Calculate n(v).
5
Suppose -3*u - 15 = -3*n, -1 = -0*u + u - 3*n. Let c(m) = m**2 + 2*m - 9. Give c(u).
26
Let v(y) = y + 1. Let i(l) = 4. Let c(x) = -i(x) + 3*v(x). Suppose 2*d + 5*n = n + 32, d - 5*n = -12. Let p(r) = -r + 7. Let b be p(d). What is c(b)?
-4
Let q(b) = -6*b - 2*b + b + 8*b. What is q(-3)?
-3
Suppose -27*c + 32*c = 5. Let z(q) = -c - 3 + 2 + 0*q - q. Calculate z(-8).
6
Let d(a) = -5 - 127*a - 127*a + 262*a. Give d(-4).
-37
Suppose 15 = k - 3*b + 2, -3*k + 19 = -4*b. Let h(d) = 0 + 24*d - k - 33*d. What is h(-1)?
8
Let f(m) = -4*m**2 + 6*m + 1. Let d(g) = -5*g**2 + 6*g + 1. Let v(q) = 5*d(q) - 6*f(q). Suppose -o = -7 + 10. Let p(k) = 3*k + 4. Let j be p(o). What is v(j)?
4
Let q(g) = 4*g**2 - g - 2. Let b(t) = t**2 - 27*t + 71. Let h be b(24). Calculate q(h).
3
Let u(y) = -y**2 + 389964 + y - 389976 + 2*y**2. Give u(-6).
18
Suppose 0 = 3*o - 12*o + 126. Let p(b) = b. What is p(o)?
14
Let f(j) = -j**3 - 2*j**2 - 2*j - 3. Suppose -9 = 3*l + u, l - 1 - 6 = 3*u. Calculate f(l).
1
Let v be -1 + 16/6 - 2/3. Let i(o) = o + 3*o + 0*o + v + o**2. What is i(-3)?
-2
Let s(l) = -l**3 + 2*l**3 + 3*l**2 - 1 + l**3 + 3*l - 3*l**3. Let v = -1710 + 1713. Give s(v).
8
Let s(l) = -l**2 - 5*l + 6. Let k(g) = -g**2 + 0*g**2 + 24 - g**3 - 2*g - 30. Let r be k(0). Give s(r).
0
Let x be (-22)/(-7) + -2*(-9)/(-126). Let k(j) be the first derivative of -j**x - 4 + 1/4*j**4 - 2*j - j**2. Determine k(4).
6
Let s(p) = -2*p**2 + p**2 + p**2 + p**3 + 1 - 3*p - p + 3*p**2. Let z = -11 + 7. Determine s(z).
1
Let t(q) = 5*q. Let s(a) = -a. Let z(x) = -4*s(x) - t(x). Let l(v) = 1. Suppose 0 = 2*g - 25 + 23. Let c(p) = g*z(p) - l(p). Give c(-3).
2
Let s(o) = -2*o**2 + 9*o + 10. Let m be s(5). Let t(u) = 1 + m*u**3 + 6*u**3 + 3*u**2 + 4*u - 12*u**3 + 0*u**3. Give t(3).
13
Suppose -r + 37 = -0*r. Let l = r + -38. Let z(o) = -3*o**2 + 1. Give z(l).
-2
Let r(w) = 5*w - 23. Let y(f) = -2*f + 11. Let x(t) = 4*r(t) + 9*y(t). Suppose -5*j + 75 = 5*h, 0*j - 4*h = -j